{"id":421,"date":"2020-06-22T13:08:57","date_gmt":"2020-06-22T11:08:57","guid":{"rendered":"https:\/\/www.herzog-gentzsch.de\/?page_id=421"},"modified":"2020-06-22T14:07:37","modified_gmt":"2020-06-22T12:07:37","slug":"zrs_system","status":"publish","type":"page","link":"https:\/\/www.herzog-gentzsch.de\/?page_id=421","title":{"rendered":"zrs_system"},"content":{"rendered":"\t<section class=\"section page-content\" id=\"section_758255742\">\n\t\t<div class=\"bg section-bg fill bg-fill  bg-loaded\" >\n\n\t\t\t\n\t\t\t\n\t\t\t\n\n\t\t<\/div>\n\n\t\t<div class=\"section-content relative\">\n\t\t\t\n<div class=\"row no-padding\"  id=\"row-1014513600\">\n\n\t<div id=\"col-1033308329\" class=\"col no-padding page-content medium-4 small-12 large-4\"  >\n\t\t\t\t<div class=\"col-inner\"  >\n\t\t\t\n\t\t\t\n<h2 class=\"page-title\"><span class=\"xr_tl Normaler_Text\">ZRS &#8211; System<\/span><\/h2>\n\t\t<\/div>\n\t\t\t\t\t<\/div>\n\n\t\n\n\t<div id=\"col-830173334\" class=\"col no-padding page-content medium-8 small-12 large-8\"  >\n\t\t\t\t<div class=\"col-inner\"  >\n\t\t\t\n\t\t\t\n<div class=\"title-desc\">\n<p>WELTNEUHEIT<\/p>\n<p>Das ZahnRekonstruktionsSystem nach<\/p>\n<p>Zahntechniker-Meister Manfred Wiedmann, kurz ZRS<\/p>\n<\/div>\n\t\t<\/div>\n\t\t\t\t\t<\/div>\n\n\t\n<\/div>\n<div class=\"row align-equal row-bottom-bordered\"  id=\"row-518677860\">\n\n\t<div id=\"col-666796341\" class=\"col small-12 large-12\"  >\n\t\t\t\t<div class=\"col-inner\"  >\n\t\t\t\n\t\t\t\n<p><span class=\"xr_tl Normaler_Text\">ZTM Manfred Wiedmann hat dieses ZRS in jahrelanger Forschungsarbeit entwickelt und<\/span><span class=\"xr_tl Normaler_Text\">als Patent sch\u00fctzen lassen. Das ZRS wird von der Universit\u00e4t D\u00fcsseldorf durch Herrn<\/span><span class=\"xr_tl Normaler_Text\">Prof. Dr. Ulrich St\u00fcttgen wissenschaftlich begleitet. Derzeit wird eine Doktorarbeit \u00fcber<\/span><span class=\"xr_tl Normaler_Text\">die Ergebnisse geschrieben.<\/span><\/p>\n<p>\u00a0<\/p>\n<p><span class=\"xr_tl Normaler_Text\">Der Ersatz nat\u00fcrlicher Z\u00e4hne durch k\u00fcnstlichen Zahnersatz stellt kein Problem dar, wenn<\/span><span class=\"xr_tl Normaler_Text\">noch Ausgangsmodelle und Fotos der urspr\u00fcnglichen Situation vorhanden sind.<\/span><\/p>\n<p>\u00a0<\/p>\n<p><span class=\"xr_tl Normaler_Text\">Problematisch ist jedoch die Rekonstruktion von fehlenden, zerst\u00f6rten und\/oder<\/span><span class=\"xr_tl Normaler_Text\">abradierten Z\u00e4hnen, wenn nichts dergleichen mehr vorhanden ist. Dann werden bisher<\/span><span class=\"xr_tl Normaler_Text\">die zu ersetzenden Z\u00e4hne bez\u00fcglich Form, Gr\u00f6\u00dfe und Zahnstellung lediglich aufgrund<\/span><span class=\"xr_tl Normaler_Text\">von Sch\u00e4tzungen und des vorhandenen Platzes hergestellt. Dabei besteht die Gefahr,<\/span><span class=\"xr_tl Normaler_Text\">dass der Patient nach der Eingliederung seines festsitzenden oder herausnehmbaren<\/span><span class=\"xr_tl Normaler_Text\">Zahnersatzes durch falsche Zahnform, Zahngr\u00f6\u00dfe und Zahnstellung entstellt aussieht.<\/span><\/p>\n<p>\u00a0<\/p>\n<p><span class=\"xr_tl Normaler_Text\">Die ZRS-Software berechnet anhand einer frontalen Fotografie des Gesichtes die<\/span><span class=\"xr_tl Normaler_Text\">urspr\u00fcngliche Form, das Gr\u00f6\u00dfenverh\u00e4ltnis zueinander und die Stellung der oberen<\/span><span class=\"xr_tl Normaler_Text\">Frontz\u00e4hne. <\/span><\/p>\n\t\t<\/div>\n\t\t\t\t\t<\/div>\n\n\t\n<\/div>\n<div class=\"row align-equal\"  id=\"row-293706415\">\n\n\t<div id=\"col-281548976\" class=\"col small-12 large-12\"  >\n\t\t\t\t<div class=\"col-inner\"  >\n\t\t\t\n\t\t\t\n<p>Als einziges Ma\u00df wird dazu die Breite der Nasenbasis ben\u00f6tigt.<\/p>\n<p>\u00a0<\/p>\n<p>Diese kann ganz einfach mit dem FormSelector der Firma IVOCLAR VIVADENT ermittelt werden.<\/p>\n<p>\u00a0<\/p>\n<p>Auf dem Foto wird der Umriss des Gesichts mit einem Grafiktablett angezeichnet.<\/p>\n<p>Anschlie\u00dfend werden folgende Punkte mit der Maus oder dem Grafiktablett markiert:<\/p>\n<p>\u00a0<\/p>\n<p>1. Der mittlere Stirnpunkt<\/p>\n<p>2. Die Mitte der beiden Pupillen<\/p>\n<p>3. Die Breite der Nasenwurzel<\/p>\n<p>4. Die Breite der Nasenbasis<\/p>\n<p>5. Der Nasenpunkt (hier gibt es vier verschiedene Positionen)<\/p>\n<p>6. Der Winkel, der sich durch die unterste Begrenzung der Nasenfl\u00fcgel und des<\/p>\n<p>\u00a0\u00a0\u00a0\u00a0 Nasenpunktes ergibt<\/p>\n<p>7. Die beiden Mundwinkel (Lippenschlusslinie)<\/p>\n<p>8. Die Mitte des Kinnes<\/p>\n<p>\u00a0<\/p>\n<p>Anhand dieser eingegebenen Punkte und Linien berechnet das ZRS die Frontzahngarnitur f\u00fcr den herausnehmbaren Zahnersatz oder die zu benutzenden Wachsfacetten f\u00fcr das WaxUp. Als konfektionierte Frontz\u00e4hne sind im Programm die Z\u00e4hne der Firmen CANDULOR oder IVOCLAR VIVADENT eingescannt, f\u00fcr festsitzenden Zahnersatz sind die Wachsfacetten aus dem CALLAplus-System der Firma TEAMZIEREIS hinterlegt.<\/p>\n<p>\u00a0<\/p>\n<p>Das Programm schl\u00e4gt erst einmal eine gleichm\u00e4\u00dfige Aufstellung vor. Die individuelle Stellung, die sich durch Eingabe<\/p>\n<p>\u00a0<\/p>\n<p>der Gesichtsmerkmale ergibt, kann durch Anklicken der programmierten Tasten einfach umgesetzt werden.<\/p>\n<p>\u00a0<\/p>\n<p>Auf einem Foto des Patienten mit l\u00e4chelndem Mund wird jetzt seine bisherige Versorgung mit dem Grafiktablett ausgeschnitten und die konstruktive Frontzahnaufstellung in den Mund eingeschoben. Die Zahnfarbe kann nach den W\u00fcnschen des Patienten \u00fcbertapeziert werden &#8211; es kann von hell nach dunkel oder umgekehrt in den \u00fcblichen V-Farben von A1 bis D4 eingef\u00e4rbt werden.<\/p>\n<p>\u00a0<\/p>\n<p>Der Patient erh\u00e4lt drei Aufstellungsvarianten und zwar eine gleichm\u00e4\u00dfige, eineabgeschw\u00e4chte individuelle und eine sehr individuelle. Diese drei Varianten werdenausgedruckt, und der Patient kann diese Bilder zur Beratung mit seinem Partner oderPartnerin mit nach Hause nehmen. Er erh\u00e4lt also nicht nur einen Heil- und Kostenplan,aus dem er nicht viel ersehen kann, sondern er sieht vor der Behandlung, wie er mitseinen neuen Z\u00e4hnen aussehen kann. Da wir im Artikulator keinen Anhaltspunkt f\u00fcr dieZahnl\u00e4nge, die Frontzahnlinie und die horizontale Ausrichtung haben, wird dievorgeschlagene Aufstellung mit dem Cranial-System \u00fcbertragen. Durch den Einsatz desZRS und des Cranial-Systems wird funktioneller und \u00e4sthetischer Zahnersatz in h\u00f6chsterVollendung hergestellt.<\/p>\n<p>\u00a0<\/p>\n<p>G\u00f6nnen Sie Ihren Patienten wieder ein sch\u00f6nes L\u00e4cheln &#8211; sie werden es Ihnen danken!<\/p>\n<p>\u00a0<\/p>\n<p>\u00a0<\/p>\n<div class=\"row align-equal\"  id=\"row-1510779019\">\n\n\t<div id=\"col-351260802\" class=\"col small-12 large-12\"  >\n\t\t\t\t<div class=\"col-inner\"  >\n\t\t\t\n\t\t\t\n\t<div class=\"img has-hover x md-x lg-x y md-y lg-y\" id=\"image_585132213\">\n\t\t<a class=\"image-lightbox lightbox-gallery\" title=\"\" href=\"https:\/\/www.herzog-gentzsch.de\/wp-content\/uploads\/2020\/06\/1788.jpg\">\t\t\t\t\t\t<div class=\"img-inner dark\" >\n\t\t\t<img width=\"578\" height=\"157\" src=\"https:\/\/www.herzog-gentzsch.de\/wp-content\/uploads\/2020\/06\/1788.jpg\" class=\"attachment-large size-large\" alt=\"\" loading=\"lazy\" srcset=\"https:\/\/www.herzog-gentzsch.de\/wp-content\/uploads\/2020\/06\/1788.jpg 578w, https:\/\/www.herzog-gentzsch.de\/wp-content\/uploads\/2020\/06\/1788-300x81.jpg 300w\" sizes=\"(max-width: 578px) 100vw, 578px\" \/>\t\t\t\t\t\t\n\t\t\t\t\t<\/div>\n\t\t\t\t\t\t<\/a>\t\t\n<style>\n#image_585132213 {\n  width: 100%;\n}\n<\/style>\n\t<\/div>\n\t\n\t\t<\/div>\n\t\t\t\t\t<\/div>\n\n\t\n\n\t<div id=\"col-23977020\" class=\"col medium-4 small-12 large-4\"  >\n\t\t\t\t<div class=\"col-inner\"  >\n\t\t\t\n\t\t\t\n\t<div class=\"img has-hover x md-x lg-x y md-y lg-y\" id=\"image_321501890\">\n\t\t<a class=\"image-lightbox lightbox-gallery\" title=\"\" href=\"https:\/\/www.herzog-gentzsch.de\/wp-content\/uploads\/2020\/06\/1789.jpg\">\t\t\t\t\t\t<div class=\"img-inner image-cover dark\" style=\"padding-top:180px;\">\n\t\t\t<img width=\"190\" height=\"162\" src=\"https:\/\/www.herzog-gentzsch.de\/wp-content\/uploads\/2020\/06\/1789.jpg\" class=\"attachment-large size-large\" alt=\"\" loading=\"lazy\" \/>\t\t\t\t\t\t\n\t\t\t\t\t<\/div>\n\t\t\t\t\t\t<\/a>\t\t\n<style>\n#image_321501890 {\n  width: 100%;\n}\n<\/style>\n\t<\/div>\n\t\n\t\t<\/div>\n\t\t\t\t\t<\/div>\n\n\t\n\n\t<div id=\"col-1558653403\" class=\"col medium-8 small-12 large-8\"  >\n\t\t\t\t<div class=\"col-inner\"  >\n\t\t\t\n\t\t\t\n\t<div class=\"img has-hover x md-x lg-x y md-y lg-y\" id=\"image_1557974403\">\n\t\t<a class=\"image-lightbox lightbox-gallery\" title=\"\" href=\"https:\/\/www.herzog-gentzsch.de\/wp-content\/uploads\/2020\/06\/1790.jpg\">\t\t\t\t\t\t<div class=\"img-inner image-cover dark\" style=\"padding-top:180px;\">\n\t\t\t<img width=\"351\" height=\"149\" src=\"https:\/\/www.herzog-gentzsch.de\/wp-content\/uploads\/2020\/06\/1790.jpg\" class=\"attachment-large size-large\" alt=\"\" loading=\"lazy\" srcset=\"https:\/\/www.herzog-gentzsch.de\/wp-content\/uploads\/2020\/06\/1790.jpg 351w, https:\/\/www.herzog-gentzsch.de\/wp-content\/uploads\/2020\/06\/1790-300x127.jpg 300w\" sizes=\"(max-width: 351px) 100vw, 351px\" \/>\t\t\t\t\t\t\n\t\t\t\t\t<\/div>\n\t\t\t\t\t\t<\/a>\t\t\n<style>\n#image_1557974403 {\n  width: 100%;\n}\n<\/style>\n\t<\/div>\n\t\n\t\t<\/div>\n\t\t\t\t\t<\/div>\n\n\t\n\n\t<div id=\"col-1313772611\" class=\"col medium-6 small-12 large-6\"  >\n\t\t\t\t<div class=\"col-inner\"  >\n\t\t\t\n\t\t\t\n\t<div class=\"img has-hover x md-x lg-x y md-y lg-y\" id=\"image_42024504\">\n\t\t<a class=\"image-lightbox lightbox-gallery\" title=\"\" href=\"https:\/\/www.herzog-gentzsch.de\/wp-content\/uploads\/2020\/06\/1791.jpg\">\t\t\t\t\t\t<div class=\"img-inner image-cover dark\" style=\"padding-top:198px;\">\n\t\t\t<img width=\"278\" height=\"165\" src=\"https:\/\/www.herzog-gentzsch.de\/wp-content\/uploads\/2020\/06\/1791.jpg\" class=\"attachment-large size-large\" alt=\"\" loading=\"lazy\" \/>\t\t\t\t\t\t\n\t\t\t\t\t<\/div>\n\t\t\t\t\t\t<\/a>\t\t\n<style>\n#image_42024504 {\n  width: 100%;\n}\n<\/style>\n\t<\/div>\n\t\n\t\t<\/div>\n\t\t\t\t\t<\/div>\n\n\t\n\n\t<div id=\"col-1312749728\" class=\"col medium-6 small-12 large-6\"  >\n\t\t\t\t<div class=\"col-inner\"  >\n\t\t\t\n\t\t\t\n\t<div class=\"img has-hover x md-x lg-x y md-y lg-y\" id=\"image_1706750908\">\n\t\t<a class=\"image-lightbox lightbox-gallery\" title=\"\" href=\"https:\/\/www.herzog-gentzsch.de\/wp-content\/uploads\/2020\/06\/1792.jpg\">\t\t\t\t\t\t<div class=\"img-inner image-cover dark\" style=\"padding-top:198px;\">\n\t\t\t<img width=\"289\" height=\"165\" src=\"https:\/\/www.herzog-gentzsch.de\/wp-content\/uploads\/2020\/06\/1792.jpg\" class=\"attachment-large size-large\" alt=\"\" loading=\"lazy\" \/>\t\t\t\t\t\t\n\t\t\t\t\t<\/div>\n\t\t\t\t\t\t<\/a>\t\t\n<style>\n#image_1706750908 {\n  width: 100%;\n}\n<\/style>\n\t<\/div>\n\t\n\t\t<\/div>\n\t\t\t\t\t<\/div>\n\n\t\n\n\t<div id=\"col-1462409365\" class=\"col medium-6 small-12 large-6\"  >\n\t\t\t\t<div class=\"col-inner\"  >\n\t\t\t\n\t\t\t\n\t<div class=\"img has-hover x md-x lg-x y md-y lg-y\" id=\"image_2016729992\">\n\t\t<a class=\"image-lightbox lightbox-gallery\" title=\"\" href=\"https:\/\/www.herzog-gentzsch.de\/wp-content\/uploads\/2020\/06\/1794.jpg\">\t\t\t\t\t\t<div class=\"img-inner image-cover dark\" style=\"padding-top:198px;\">\n\t\t\t<img width=\"278\" height=\"164\" src=\"https:\/\/www.herzog-gentzsch.de\/wp-content\/uploads\/2020\/06\/1794.jpg\" class=\"attachment-large size-large\" alt=\"\" loading=\"lazy\" \/>\t\t\t\t\t\t\n\t\t\t\t\t<\/div>\n\t\t\t\t\t\t<\/a>\t\t\n<style>\n#image_2016729992 {\n  width: 100%;\n}\n<\/style>\n\t<\/div>\n\t\n\t\t<\/div>\n\t\t\t\t\t<\/div>\n\n\t\n\n\t<div id=\"col-1670982257\" class=\"col medium-6 small-12 large-6\"  >\n\t\t\t\t<div class=\"col-inner\"  >\n\t\t\t\n\t\t\t\n\t<div class=\"img has-hover x md-x lg-x y md-y lg-y\" id=\"image_103569293\">\n\t\t<a class=\"image-lightbox lightbox-gallery\" title=\"\" href=\"https:\/\/www.herzog-gentzsch.de\/wp-content\/uploads\/2020\/06\/1793.jpg\">\t\t\t\t\t\t<div class=\"img-inner image-cover dark\" style=\"padding-top:198px;\">\n\t\t\t<img width=\"288\" height=\"165\" src=\"https:\/\/www.herzog-gentzsch.de\/wp-content\/uploads\/2020\/06\/1793.jpg\" class=\"attachment-large size-large\" alt=\"\" loading=\"lazy\" \/>\t\t\t\t\t\t\n\t\t\t\t\t<\/div>\n\t\t\t\t\t\t<\/a>\t\t\n<style>\n#image_103569293 {\n  width: 100%;\n}\n<\/style>\n\t<\/div>\n\t\n\t\t<\/div>\n\t\t\t\t\t<\/div>\n\n\t\n<\/div>\n\t\t<\/div>\n\t\t\t\t\t<\/div>\n\n\t\n<\/div>\n\t\t<\/div>\n\n\t\t\n<style>\n#section_758255742 {\n  padding-top: 30px;\n  padding-bottom: 30px;\n}\n<\/style>\n\t<\/section>\n\t\n","protected":false},"excerpt":{"rendered":"","protected":false},"author":1,"featured_media":0,"parent":0,"menu_order":0,"comment_status":"closed","ping_status":"closed","template":"page-left-sidebar.php","meta":[],"_links":{"self":[{"href":"https:\/\/www.herzog-gentzsch.de\/index.php?rest_route=\/wp\/v2\/pages\/421"}],"collection":[{"href":"https:\/\/www.herzog-gentzsch.de\/index.php?rest_route=\/wp\/v2\/pages"}],"about":[{"href":"https:\/\/www.herzog-gentzsch.de\/index.php?rest_route=\/wp\/v2\/types\/page"}],"author":[{"embeddable":true,"href":"https:\/\/www.herzog-gentzsch.de\/index.php?rest_route=\/wp\/v2\/users\/1"}],"replies":[{"embeddable":true,"href":"https:\/\/www.herzog-gentzsch.de\/index.php?rest_route=%2Fwp%2Fv2%2Fcomments&post=421"}],"version-history":[{"count":9,"href":"https:\/\/www.herzog-gentzsch.de\/index.php?rest_route=\/wp\/v2\/pages\/421\/revisions"}],"predecessor-version":[{"id":432,"href":"https:\/\/www.herzog-gentzsch.de\/index.php?rest_route=\/wp\/v2\/pages\/421\/revisions\/432"}],"wp:attachment":[{"href":"https:\/\/www.herzog-gentzsch.de\/index.php?rest_route=%2Fwp%2Fv2%2Fmedia&parent=421"}],"curies":[{"name":"wp","href":"https:\/\/api.w.org\/{rel}","templated":true}]}}